{"id":2814,"date":"2016-05-11T19:14:09","date_gmt":"2016-05-11T18:14:09","guid":{"rendered":"http:\/\/dev.mittendorfer.net\/destillerie\/versand__lieferung\/"},"modified":"2022-11-10T09:06:57","modified_gmt":"2022-11-10T08:06:57","slug":"versand__lieferung","status":"publish","type":"page","link":"https:\/\/www.mittendorfer.net\/destillerie\/versand__lieferung\/","title":{"rendered":"Versand &#038; Lieferung"},"content":{"rendered":"<p><strong>Preise, Versandkosten und Lieferinformationen:<\/strong><\/p>\n<p>Die auf den Produktseiten genannten Preise enthalten die gesetzliche Mehrwertsteuer und sonstige Preisbestandteile.<\/p>\n<p>Wir liefern nur innerhalb \u00d6sterreichs.<\/p>\n<p>Zus\u00e4tzlich zu den angegebenen Preisen berechnen wir f\u00fcr die Lieferung innerhalb \u00d6sterreichs pauschal 9,60 Euro pro Bestellung. Die Versandkosten werden Ihnen im Warenkorbsystem und auf der Bestellseite nochmals deutlich mitgeteilt. Die Versandkostenpauschale enth\u00e4lt die gesetzliche Mehrwertsteuer.<\/p>\n<p>Ab einem Warenwert von <strong>120 Euro<\/strong> werden keine Versandkosten verrechnet.<\/p>\n","protected":false},"excerpt":{"rendered":"<p>Preise, Versandkosten und Lieferinformationen: Die auf den Produktseiten genannten Preise enthalten die gesetzliche Mehrwertsteuer und sonstige Preisbestandteile. Wir liefern nur innerhalb \u00d6sterreichs. Zus\u00e4tzlich zu den angegebenen Preisen berechnen wir f\u00fcr die Lieferung innerhalb \u00d6sterreichs pauschal 9,60 Euro pro Bestellung. Die Versandkosten werden Ihnen im Warenkorbsystem und auf der Bestellseite nochmals deutlich mitgeteilt. Die Versandkostenpauschale enth\u00e4lt [&hellip;]<\/p>\n","protected":false},"author":1,"featured_media":0,"parent":0,"menu_order":0,"comment_status":"closed","ping_status":"closed","template":"template-normal-font.php","meta":{"footnotes":""},"class_list":["post-2814","page","type-page","status-publish","hentry"],"_links":{"self":[{"href":"https:\/\/www.mittendorfer.net\/destillerie\/wp-json\/wp\/v2\/pages\/2814","targetHints":{"allow":["GET"]}}],"collection":[{"href":"https:\/\/www.mittendorfer.net\/destillerie\/wp-json\/wp\/v2\/pages"}],"about":[{"href":"https:\/\/www.mittendorfer.net\/destillerie\/wp-json\/wp\/v2\/types\/page"}],"author":[{"embeddable":true,"href":"https:\/\/www.mittendorfer.net\/destillerie\/wp-json\/wp\/v2\/users\/1"}],"replies":[{"embeddable":true,"href":"https:\/\/www.mittendorfer.net\/destillerie\/wp-json\/wp\/v2\/comments?post=2814"}],"version-history":[{"count":5,"href":"https:\/\/www.mittendorfer.net\/destillerie\/wp-json\/wp\/v2\/pages\/2814\/revisions"}],"predecessor-version":[{"id":3176,"href":"https:\/\/www.mittendorfer.net\/destillerie\/wp-json\/wp\/v2\/pages\/2814\/revisions\/3176"}],"wp:attachment":[{"href":"https:\/\/www.mittendorfer.net\/destillerie\/wp-json\/wp\/v2\/media?parent=2814"}],"curies":[{"name":"wp","href":"https:\/\/api.w.org\/{rel}","templated":true}]}}