{"id":16,"date":"2015-03-06T23:21:51","date_gmt":"2015-03-06T22:21:51","guid":{"rendered":"http:\/\/dev.mittendorfer.net\/destillerie\/?page_id=16"},"modified":"2026-02-10T15:12:58","modified_gmt":"2026-02-10T14:12:58","slug":"unternehmen","status":"publish","type":"page","link":"https:\/\/www.mittendorfer.net\/destillerie\/unternehmen\/","title":{"rendered":"Unternehmen"},"content":{"rendered":"<div id=\"products\" class=\"unternehmen\"><\/div>\n<div class=\"col-full\">\n<h1>Das Unternehmen Mittendorfer<\/h1>\n<p><span style=\"font-size: 18pt;\">\u00dcber Generationen hinweg wurden alte Hausrezepte weitergegeben und sorgf\u00e4ltig bewahrt. Wir sind bem\u00fcht aus hervorragenden Rohstoffen &#8211; behutsam und geduldig &#8211; Erzeugnisse von ebenso hervorragender Qualit\u00e4t hervorzubringen.<\/span><\/p>\n<h1>Unser Team stellt sich vor<\/h1>\n<div id=\"tf-tiles-2563\" class=\"tf-tiles\" data-post_id=\"2563\">\n\n\t<div class=\"tf-tiles-wrap\">\n\t\t\t\t\t<div id=\"tf-tile-2563-0\" class=\"tf-tile size-portrait flip-horizontal has-flip tile-type-front-text\" data-auto-flip=\"0\" data-in-effect=\"flip-horizontal\" data-out-effect=\"\">\n\n\t<div class=\"tile-flip-box-wrap\"><div class=\"tile-flip-box\">\n\n\t\n\t\t\n\t\t<style>\n\t\t#tf-tile-2563-0 .tile-front {\n\t\t\tbackground-image: url(\"https:\/\/www.mittendorfer.net\/destillerie\/wp-content\/uploads\/2015\/11\/1_IMG_6585-Large-240x480.jpg\"); \t\t}\n\t\t#tf-tile-2563-0 .tile-front a {\n\t\t\t\t\t}\n\t\t<\/style>\n\n\t\t<div class=\"tile-front tile-type-text ui default\">\n\t\t\t<div class=\"tile-inner\">\n\n\t\t\t\t\n\t\t\t\t\t\t\t\t\t\t<div class=\"tile-content\">\n\t\t\t\t\t\t\t\t\t\t\t<\/div><!-- .tile-content -->\n\n\t\t\t\t\n\t\t\t\t\n\t\t\t\t\n\t\t\t<\/div><!-- .tile-inner -->\n\n\t\t<\/div><!-- .tile-front -->\n\n\t\n\t\t\n\t\t<style>\n\t\t#tf-tile-2563-0 .tile-back {\n\t\t\t\t\t}\n\t\t#tf-tile-2563-0 .tile-back a {\n\t\t\t\t\t}\n\t\t<\/style>\n\n\t\t<div class=\"tile-back tile-type-text ui default\">\n\t\t\t<div class=\"tile-inner\">\n\n\t\t\t\t\n\t\t\t\t\t\t\t\t\t\t<div class=\"tile-content\">\n\t\t\t\t\t\t<h3>Herwig Mittendorfer<\/h3><p><em>Gesch\u00e4ftsf\u00fchrer<\/em><br \/>Tel.:+43 (0)7945 7203<br \/>gf@mittendorfer.net<\/p>\t\t\t\t\t<\/div><!-- .tile-content -->\n\n\t\t\t\t\n\t\t\t\t\n\t\t\t\t\n\t\t\t<\/div><!-- .tile-inner -->\n\n\t\t<\/div><!-- .tile-back -->\n\n\t\n\t<\/div><!-- .tile-flip-box --><\/div><!-- .tile-flip-box-wrap -->\n\n\t<div class=\"tf-tile-data\">\n\t\t<script type=\"text\/json\">{\"size\":\"portrait\",\"type_front\":\"text\",\"color_front\":\"default\",\"button_link_params_front\":\"|\",\"icon_type_front\":\"icon\",\"gallery_autoplay_front\":\"off\",\"gallery_hide_timer_front\":\"no\",\"type_map_front\":\"ROADMAP\",\"zoom_map_front\":\"7\",\"scrollwheel_map_front\":\"enable\",\"draggable_map_front\":\"enable\",\"action_param_front\":\"|\",\"background_image_front\":\"https:\\\/\\\/www.mittendorfer.net\\\/destillerie\\\/wp-content\\\/uploads\\\/2015\\\/11\\\/1_IMG_6585-Large.jpg\",\"type_back\":\"text\",\"color_back\":\"default\",\"text_back\":\"<h3>Herwig Mittendorfer<\\\/h3><p><em>Gesch\\u00e4ftsf\\u00fchrer<\\\/em><br \\\/>Tel.:+43 (0)7945 7203<br \\\/>gf@mittendorfer.net<\\\/p>\",\"button_link_params_back\":\"|\",\"icon_type_back\":\"icon\",\"gallery_autoplay_back\":\"off\",\"gallery_hide_timer_back\":\"no\",\"type_map_back\":\"ROADMAP\",\"zoom_map_back\":\"7\",\"scrollwheel_map_back\":\"enable\",\"draggable_map_back\":\"enable\",\"action_param_back\":\"|\",\"tile_autoflip\":\"0\",\"flip_effect\":\"flip-horizontal\"}<\/script>\n\t<\/div>\n\n<\/div><!-- .tf-tile -->\t\t\t\t\t<div id=\"tf-tile-2563-1\" class=\"tf-tile size-square-small flip-horizontal has-flip tile-type-front-text\" data-auto-flip=\"0\" data-in-effect=\"flip-horizontal\" data-out-effect=\"\">\n\n\t<div class=\"tile-flip-box-wrap\"><div class=\"tile-flip-box\">\n\n\t\n\t\t\n\t\t<style>\n\t\t#tf-tile-2563-1 .tile-front {\n\t\t\tbackground-image: url(\"https:\/\/www.mittendorfer.net\/destillerie\/wp-content\/uploads\/2022\/05\/Nicole_Affenzeller-240x240.jpg\"); \t\t}\n\t\t#tf-tile-2563-1 .tile-front a {\n\t\t\t\t\t}\n\t\t<\/style>\n\n\t\t<div class=\"tile-front tile-type-text ui default\">\n\t\t\t<div class=\"tile-inner\">\n\n\t\t\t\t\n\t\t\t\t\t\t\t\t\t\t<div class=\"tile-content\">\n\t\t\t\t\t\t\t\t\t\t\t<\/div><!-- .tile-content -->\n\n\t\t\t\t\n\t\t\t\t\n\t\t\t\t\n\t\t\t<\/div><!-- .tile-inner -->\n\n\t\t<\/div><!-- .tile-front -->\n\n\t\n\t\t\n\t\t<style>\n\t\t#tf-tile-2563-1 .tile-back {\n\t\t\t\t\t}\n\t\t#tf-tile-2563-1 .tile-back a {\n\t\t\t\t\t}\n\t\t<\/style>\n\n\t\t<div class=\"tile-back tile-type-text ui default\">\n\t\t\t<div class=\"tile-inner\">\n\n\t\t\t\t\n\t\t\t\t\t\t\t\t\t\t<div class=\"tile-content\">\n\t\t\t\t\t\t<h3>Nicole Affenzeller<\/h3><p>\u00a0<\/p>\t\t\t\t\t<\/div><!-- .tile-content -->\n\n\t\t\t\t\n\t\t\t\t\n\t\t\t\t\n\t\t\t<\/div><!-- .tile-inner -->\n\n\t\t<\/div><!-- .tile-back -->\n\n\t\n\t<\/div><!-- .tile-flip-box --><\/div><!-- .tile-flip-box-wrap -->\n\n\t<div class=\"tf-tile-data\">\n\t\t<script type=\"text\/json\">{\"size\":\"square-small\",\"type_front\":\"text\",\"color_front\":\"default\",\"button_link_params_front\":\"|\",\"icon_type_front\":\"icon\",\"gallery_autoplay_front\":\"off\",\"gallery_hide_timer_front\":\"no\",\"type_map_front\":\"ROADMAP\",\"zoom_map_front\":\"7\",\"scrollwheel_map_front\":\"enable\",\"draggable_map_front\":\"enable\",\"action_param_front\":\"|\",\"background_image_front\":\"https:\\\/\\\/www.mittendorfer.net\\\/destillerie\\\/wp-content\\\/uploads\\\/2022\\\/05\\\/Nicole_Affenzeller.jpg\",\"type_back\":\"text\",\"color_back\":\"default\",\"text_back\":\"<h3>Nicole Affenzeller<\\\/h3><p>\\u00a0<\\\/p>\",\"button_link_params_back\":\"|\",\"icon_type_back\":\"icon\",\"gallery_autoplay_back\":\"off\",\"gallery_hide_timer_back\":\"no\",\"type_map_back\":\"ROADMAP\",\"zoom_map_back\":\"7\",\"scrollwheel_map_back\":\"enable\",\"draggable_map_back\":\"enable\",\"action_param_back\":\"|\",\"tile_autoflip\":\"0\",\"flip_effect\":\"flip-horizontal\"}<\/script>\n\t<\/div>\n\n<\/div><!-- .tf-tile -->\t\t\t\t\t<div id=\"tf-tile-2563-2\" class=\"tf-tile size-square-small flip-horizontal has-flip tile-type-front-text\" data-auto-flip=\"0\" data-in-effect=\"flip-horizontal\" data-out-effect=\"\">\n\n\t<div class=\"tile-flip-box-wrap\"><div class=\"tile-flip-box\">\n\n\t\n\t\t\n\t\t<style>\n\t\t#tf-tile-2563-2 .tile-front {\n\t\t\tbackground-image: url(\"https:\/\/www.mittendorfer.net\/destillerie\/wp-content\/uploads\/2022\/05\/Steininger_Christian-rotated-e1651567323395-240x240.jpg\"); \t\t}\n\t\t#tf-tile-2563-2 .tile-front a {\n\t\t\t\t\t}\n\t\t<\/style>\n\n\t\t<div class=\"tile-front tile-type-text ui default\">\n\t\t\t<div class=\"tile-inner\">\n\n\t\t\t\t\n\t\t\t\t\t\t\t\t\t\t<div class=\"tile-content\">\n\t\t\t\t\t\t\t\t\t\t\t<\/div><!-- .tile-content -->\n\n\t\t\t\t\n\t\t\t\t\n\t\t\t\t\n\t\t\t<\/div><!-- .tile-inner -->\n\n\t\t<\/div><!-- .tile-front -->\n\n\t\n\t\t\n\t\t<style>\n\t\t#tf-tile-2563-2 .tile-back {\n\t\t\t\t\t}\n\t\t#tf-tile-2563-2 .tile-back a {\n\t\t\t\t\t}\n\t\t<\/style>\n\n\t\t<div class=\"tile-back tile-type-text ui default\">\n\t\t\t<div class=\"tile-inner\">\n\n\t\t\t\t\n\t\t\t\t\t\t\t\t\t\t<div class=\"tile-content\">\n\t\t\t\t\t\t<h3>Ing. Christian Steininger<\/h3><p>\u00a0<\/p>\t\t\t\t\t<\/div><!-- .tile-content -->\n\n\t\t\t\t\n\t\t\t\t\n\t\t\t\t\n\t\t\t<\/div><!-- .tile-inner -->\n\n\t\t<\/div><!-- .tile-back -->\n\n\t\n\t<\/div><!-- .tile-flip-box --><\/div><!-- .tile-flip-box-wrap -->\n\n\t<div class=\"tf-tile-data\">\n\t\t<script type=\"text\/json\">{\"size\":\"square-small\",\"type_front\":\"text\",\"color_front\":\"default\",\"button_link_params_front\":\"|\",\"icon_type_front\":\"icon\",\"gallery_autoplay_front\":\"off\",\"gallery_hide_timer_front\":\"no\",\"type_map_front\":\"ROADMAP\",\"zoom_map_front\":\"7\",\"scrollwheel_map_front\":\"enable\",\"draggable_map_front\":\"enable\",\"action_param_front\":\"|\",\"background_image_front\":\"https:\\\/\\\/www.mittendorfer.net\\\/destillerie\\\/wp-content\\\/uploads\\\/2022\\\/05\\\/Steininger_Christian-rotated-e1651567323395.jpg\",\"type_back\":\"text\",\"color_back\":\"default\",\"text_back\":\"<h3>Ing. Christian Steininger<\\\/h3><p>\\u00a0<\\\/p>\",\"button_link_params_back\":\"|\",\"icon_type_back\":\"icon\",\"gallery_autoplay_back\":\"off\",\"gallery_hide_timer_back\":\"no\",\"type_map_back\":\"ROADMAP\",\"zoom_map_back\":\"7\",\"scrollwheel_map_back\":\"enable\",\"draggable_map_back\":\"enable\",\"action_param_back\":\"|\",\"tile_autoflip\":\"0\",\"flip_effect\":\"flip-horizontal\"}<\/script>\n\t<\/div>\n\n<\/div><!-- .tf-tile -->\t\t\t\t\t<div id=\"tf-tile-2563-3\" class=\"tf-tile size-landscape flip-horizontal has-flip tile-type-front-text\" data-auto-flip=\"0\" data-in-effect=\"flip-horizontal\" data-out-effect=\"\">\n\n\t<div class=\"tile-flip-box-wrap\"><div class=\"tile-flip-box\">\n\n\t\n\t\t\n\t\t<style>\n\t\t#tf-tile-2563-3 .tile-front {\n\t\t\tbackground-image: url(\"https:\/\/www.mittendorfer.net\/destillerie\/wp-content\/uploads\/2021\/02\/Elke-rotated-e1612333340750-768x1024-480x240.jpg\"); \t\t}\n\t\t#tf-tile-2563-3 .tile-front a {\n\t\t\t\t\t}\n\t\t<\/style>\n\n\t\t<div class=\"tile-front tile-type-text ui default\">\n\t\t\t<div class=\"tile-inner\">\n\n\t\t\t\t\n\t\t\t\t\t\t\t\t\t\t<div class=\"tile-content\">\n\t\t\t\t\t\t\t\t\t\t\t<\/div><!-- .tile-content -->\n\n\t\t\t\t\n\t\t\t\t\n\t\t\t\t\n\t\t\t<\/div><!-- .tile-inner -->\n\n\t\t<\/div><!-- .tile-front -->\n\n\t\n\t\t\n\t\t<style>\n\t\t#tf-tile-2563-3 .tile-back {\n\t\t\t\t\t}\n\t\t#tf-tile-2563-3 .tile-back a {\n\t\t\t\t\t}\n\t\t<\/style>\n\n\t\t<div class=\"tile-back tile-type-text ui default\">\n\t\t\t<div class=\"tile-inner\">\n\n\t\t\t\t\n\t\t\t\t\t\t\t\t\t\t<div class=\"tile-content\">\n\t\t\t\t\t\t<h3>Elke Friesenecker<\/h3><p>\u00a0<\/p>\t\t\t\t\t<\/div><!-- .tile-content -->\n\n\t\t\t\t\n\t\t\t\t\n\t\t\t\t\n\t\t\t<\/div><!-- .tile-inner -->\n\n\t\t<\/div><!-- .tile-back -->\n\n\t\n\t<\/div><!-- .tile-flip-box --><\/div><!-- .tile-flip-box-wrap -->\n\n\t<div class=\"tf-tile-data\">\n\t\t<script type=\"text\/json\">{\"size\":\"landscape\",\"type_front\":\"text\",\"color_front\":\"default\",\"button_link_params_front\":\"|\",\"icon_type_front\":\"icon\",\"gallery_autoplay_front\":\"off\",\"gallery_hide_timer_front\":\"no\",\"type_map_front\":\"ROADMAP\",\"zoom_map_front\":\"7\",\"scrollwheel_map_front\":\"enable\",\"draggable_map_front\":\"enable\",\"action_param_front\":\"|\",\"background_image_front\":\"https:\\\/\\\/www.mittendorfer.net\\\/destillerie\\\/wp-content\\\/uploads\\\/2021\\\/02\\\/Elke-rotated-e1612333340750.jpg\",\"type_back\":\"text\",\"color_back\":\"default\",\"text_back\":\"<h3>Elke Friesenecker<\\\/h3><p>\\u00a0<\\\/p>\",\"button_link_params_back\":\"|\",\"icon_type_back\":\"icon\",\"gallery_autoplay_back\":\"off\",\"gallery_hide_timer_back\":\"no\",\"type_map_back\":\"ROADMAP\",\"zoom_map_back\":\"7\",\"scrollwheel_map_back\":\"enable\",\"draggable_map_back\":\"enable\",\"action_param_back\":\"|\",\"tile_autoflip\":\"0\",\"flip_effect\":\"flip-horizontal\"}<\/script>\n\t<\/div>\n\n<\/div><!-- .tf-tile -->\t\t\t\t\t<div id=\"tf-tile-2563-4\" class=\"tf-tile size-portrait flip-horizontal has-flip tile-type-front-button\" data-auto-flip=\"0\" data-in-effect=\"flip-horizontal\" data-out-effect=\"\">\n\n\t<div class=\"tile-flip-box-wrap\"><div class=\"tile-flip-box\">\n\n\t\n\t\t\n\t\t<style>\n\t\t#tf-tile-2563-4 .tile-front {\n\t\t\tbackground-image: url(\"https:\/\/www.mittendorfer.net\/destillerie\/wp-content\/uploads\/2016\/03\/Gabriele-Mittendorfer-240x480.jpg\"); \t\t}\n\t\t#tf-tile-2563-4 .tile-front a {\n\t\t\t\t\t}\n\t\t<\/style>\n\n\t\t<div class=\"tile-front tile-type-button ui default\">\n\t\t\t<div class=\"tile-inner\">\n\n\t\t\t\t\t\t\t\t\t\t\t\t\t\t\t\t\t\t\t\t\n\t\t\t\t\t\t\t\t\t\t\t\n\t\t\t\t\n\t\t\t\t\n\t\t\t\t\n\t\t\t<\/div><!-- .tile-inner -->\n\n\t\t<\/div><!-- .tile-front -->\n\n\t\n\t\t\n\t\t<style>\n\t\t#tf-tile-2563-4 .tile-back {\n\t\t\t\t\t}\n\t\t#tf-tile-2563-4 .tile-back a {\n\t\t\t\t\t}\n\t\t<\/style>\n\n\t\t<div class=\"tile-back tile-type-text ui default\">\n\t\t\t<div class=\"tile-inner\">\n\n\t\t\t\t\n\t\t\t\t\t\t\t\t\t\t<div class=\"tile-content\">\n\t\t\t\t\t\t<h3>Gabriele Mittendorfer<\/h3><p>\u00a0<\/p>\t\t\t\t\t<\/div><!-- .tile-content -->\n\n\t\t\t\t\n\t\t\t\t\n\t\t\t\t\n\t\t\t<\/div><!-- .tile-inner -->\n\n\t\t<\/div><!-- .tile-back -->\n\n\t\n\t<\/div><!-- .tile-flip-box --><\/div><!-- .tile-flip-box-wrap -->\n\n\t<div class=\"tf-tile-data\">\n\t\t<script type=\"text\/json\">{\"size\":\"portrait\",\"type_front\":\"button\",\"color_front\":\"default\",\"button_link_params_front\":\"|\",\"icon_type_front\":\"icon\",\"gallery_autoplay_front\":\"off\",\"gallery_hide_timer_front\":\"no\",\"type_map_front\":\"ROADMAP\",\"zoom_map_front\":\"7\",\"scrollwheel_map_front\":\"enable\",\"draggable_map_front\":\"enable\",\"action_param_front\":\"|\",\"background_image_front\":\"https:\\\/\\\/www.mittendorfer.net\\\/destillerie\\\/wp-content\\\/uploads\\\/2016\\\/03\\\/Gabriele-Mittendorfer.bmp\",\"type_back\":\"text\",\"color_back\":\"default\",\"text_back\":\"<h3>Gabriele Mittendorfer<\\\/h3><p>\\u00a0<\\\/p>\",\"button_link_params_back\":\"|\",\"icon_type_back\":\"icon\",\"gallery_autoplay_back\":\"off\",\"gallery_hide_timer_back\":\"no\",\"type_map_back\":\"ROADMAP\",\"zoom_map_back\":\"7\",\"scrollwheel_map_back\":\"enable\",\"draggable_map_back\":\"enable\",\"action_param_back\":\"|\",\"tile_autoflip\":\"0\",\"flip_effect\":\"flip-horizontal\"}<\/script>\n\t<\/div>\n\n<\/div><!-- .tf-tile -->\t\t\t<\/div>\n<\/div>\n<\/div>\n<div class=\"col-full\">\n<blockquote>\n<p style=\"text-align: center;\"><span style=\"font-size: 18pt;\">Wir sind ein Familienbetrieb, bem\u00fchen uns einerseits ein sicherer und verantwortungsvoller Arbeitgeber zu sein und versuchen andererseits mit guter Qualit\u00e4t zu einem fairen Preis auch f\u00fcr die regionale Bev\u00f6lkerung als umweltbewusst und nachhaltig wirtschaftender Partner da zu sein.<\/span><\/p>\n<\/blockquote>\n<p style=\"text-align: center;\">\n<\/div>\n","protected":false},"excerpt":{"rendered":"<p>Das Unternehmen Mittendorfer \u00dcber Generationen hinweg wurden alte Hausrezepte weitergegeben und sorgf\u00e4ltig bewahrt. Wir sind bem\u00fcht aus hervorragenden Rohstoffen &#8211; behutsam und geduldig &#8211; Erzeugnisse von ebenso hervorragender Qualit\u00e4t hervorzubringen. Unser Team stellt sich vor Wir sind ein Familienbetrieb, bem\u00fchen uns einerseits ein sicherer und verantwortungsvoller Arbeitgeber zu sein und versuchen andererseits mit guter Qualit\u00e4t [&hellip;]<\/p>\n","protected":false},"author":1,"featured_media":0,"parent":0,"menu_order":0,"comment_status":"closed","ping_status":"closed","template":"template-homepage.php","meta":{"footnotes":""},"class_list":["post-16","page","type-page","status-publish","hentry"],"_links":{"self":[{"href":"https:\/\/www.mittendorfer.net\/destillerie\/wp-json\/wp\/v2\/pages\/16","targetHints":{"allow":["GET"]}}],"collection":[{"href":"https:\/\/www.mittendorfer.net\/destillerie\/wp-json\/wp\/v2\/pages"}],"about":[{"href":"https:\/\/www.mittendorfer.net\/destillerie\/wp-json\/wp\/v2\/types\/page"}],"author":[{"embeddable":true,"href":"https:\/\/www.mittendorfer.net\/destillerie\/wp-json\/wp\/v2\/users\/1"}],"replies":[{"embeddable":true,"href":"https:\/\/www.mittendorfer.net\/destillerie\/wp-json\/wp\/v2\/comments?post=16"}],"version-history":[{"count":38,"href":"https:\/\/www.mittendorfer.net\/destillerie\/wp-json\/wp\/v2\/pages\/16\/revisions"}],"predecessor-version":[{"id":3272,"href":"https:\/\/www.mittendorfer.net\/destillerie\/wp-json\/wp\/v2\/pages\/16\/revisions\/3272"}],"wp:attachment":[{"href":"https:\/\/www.mittendorfer.net\/destillerie\/wp-json\/wp\/v2\/media?parent=16"}],"curies":[{"name":"wp","href":"https:\/\/api.w.org\/{rel}","templated":true}]}}