{"id":14,"date":"2015-03-06T23:21:04","date_gmt":"2015-03-06T22:21:04","guid":{"rendered":"http:\/\/dev.mittendorfer.net\/destillerie\/?page_id=14"},"modified":"2023-07-27T09:15:04","modified_gmt":"2023-07-27T08:15:04","slug":"museum","status":"publish","type":"page","link":"https:\/\/www.mittendorfer.net\/destillerie\/museum\/","title":{"rendered":"Museum"},"content":{"rendered":"<div id=\"products\" class=\"museum\">\u00a0<\/div>\n<div class=\"col-full\">\n<h2>\u00a0<\/h2>\n<h1 class=\"ttgDetailHeadline\">1. O\u00d6 Schnapsmuseum<\/h1>\n<h2>Tradition seit Jahrhunderten<\/h2>\n<p><span style=\"font-size: 18pt;\">Das 1. O\u00d6 Schnapsmuseum befindet sich in alten R\u00e4umen mit Tonnengew\u00f6lbe in einem Haus, das als Sensenhammerschmiede \u201eHitzlhammer\u201c 1635 erstmals urkundlich erw\u00e4hnt wurde.<\/span><\/p>\n<p><span style=\"font-size: 18pt;\">Dort gr\u00fcndete 1883 der Grossvater des heutigen Besitzers die Firma Mittendorfer. Aufgrund der langen Tradition und dem Vorhandensein verschiedener Destillierapparate gibt Ihnen das Museum einen informativen Einblick in die Welt der Destillation einst und jetzt. Sie erfahren Wissenswertes \u00fcber die Herstellung hochprozentigen Alkohols, seine Besteuerung und das wichtigste aus dem \u00f6sterreichischen Brennrecht. \u00a0<\/span><\/p>\n<p style=\"text-align: center;\"><span style=\"font-size: 18pt;\"><div id=\"tf-tiles-2629\" class=\"tf-tiles\" data-post_id=\"2629\">\n\n\t<div class=\"tf-tiles-wrap\">\n\t\t\t\t\t<div id=\"tf-tile-2629-0\" class=\"tf-tile size-square-large flip-horizontal no-flip tile-type-front-text\" data-auto-flip=\"0\" data-in-effect=\"flip-horizontal\" data-out-effect=\"\">\n\n\t<div class=\"tile-flip-box-wrap\"><div class=\"tile-flip-box\">\n\n\t\n\t\t\n\t\t<style>\n\t\t#tf-tile-2629-0 .tile-front {\n\t\t\tbackground-image: url(\"https:\/\/www.mittendorfer.net\/destillerie\/wp-content\/uploads\/2015\/11\/IMG_2038-Resized-BW-480x480.jpg\"); \t\t}\n\t\t#tf-tile-2629-0 .tile-front a {\n\t\t\t\t\t}\n\t\t<\/style>\n\n\t\t<div class=\"tile-front tile-type-text ui default\">\n\t\t\t<div class=\"tile-inner\">\n\n\t\t\t\t\n\t\t\t\t\t\t\t\t\t\t<div class=\"tile-content\">\n\t\t\t\t\t\t\t\t\t\t\t<\/div><!-- .tile-content -->\n\n\t\t\t\t\n\t\t\t\t\n\t\t\t\t\n\t\t\t<\/div><!-- .tile-inner -->\n\n\t\t<\/div><!-- .tile-front -->\n\n\t\n\t\t\n\t\t<style>\n\t\t#tf-tile-2629-0 .tile-back {\n\t\t\t\t\t}\n\t\t#tf-tile-2629-0 .tile-back a {\n\t\t\t\t\t}\n\t\t<\/style>\n\n\t\t<div class=\"tile-back tile-type-text ui default\">\n\t\t\t<div class=\"tile-inner\">\n\n\t\t\t\t\n\t\t\t\t\t\t\t\t\t\t<div class=\"tile-content\">\n\t\t\t\t\t\t\t\t\t\t\t<\/div><!-- .tile-content -->\n\n\t\t\t\t\n\t\t\t\t\n\t\t\t\t\n\t\t\t<\/div><!-- .tile-inner -->\n\n\t\t<\/div><!-- .tile-back -->\n\n\t\n\t<\/div><!-- .tile-flip-box --><\/div><!-- .tile-flip-box-wrap -->\n\n\t<div class=\"tf-tile-data\">\n\t\t<script type=\"text\/json\">{\"size\":\"square-large\",\"type_front\":\"text\",\"color_front\":\"default\",\"button_link_params_front\":\"|\",\"icon_type_front\":\"icon\",\"gallery_autoplay_front\":\"off\",\"gallery_hide_timer_front\":\"no\",\"type_map_front\":\"ROADMAP\",\"zoom_map_front\":\"7\",\"scrollwheel_map_front\":\"enable\",\"draggable_map_front\":\"enable\",\"action_param_front\":\"|\",\"background_image_front\":\"https:\\\/\\\/www.mittendorfer.net\\\/destillerie\\\/wp-content\\\/uploads\\\/2015\\\/11\\\/IMG_2038-Resized-BW.jpg\",\"type_back\":\"text\",\"color_back\":\"default\",\"button_link_params_back\":\"|\",\"icon_type_back\":\"icon\",\"gallery_autoplay_back\":\"off\",\"gallery_hide_timer_back\":\"no\",\"type_map_back\":\"ROADMAP\",\"zoom_map_back\":\"7\",\"scrollwheel_map_back\":\"enable\",\"draggable_map_back\":\"enable\",\"action_param_back\":\"|\",\"tile_autoflip\":\"0\",\"flip_effect\":\"flip-horizontal\"}<\/script>\n\t<\/div>\n\n<\/div><!-- .tf-tile -->\t\t\t\t\t<div id=\"tf-tile-2629-1\" class=\"tf-tile size-landscape flip-horizontal no-flip tile-type-front-text\" data-auto-flip=\"0\" data-in-effect=\"flip-horizontal\" data-out-effect=\"\">\n\n\t<div class=\"tile-flip-box-wrap\"><div class=\"tile-flip-box\">\n\n\t\n\t\t\n\t\t<style>\n\t\t#tf-tile-2629-1 .tile-front {\n\t\t\tbackground-image: url(\"https:\/\/www.mittendorfer.net\/destillerie\/wp-content\/uploads\/2015\/11\/IMG_1380BW-F-480x240.jpg\"); \t\t}\n\t\t#tf-tile-2629-1 .tile-front a {\n\t\t\t\t\t}\n\t\t<\/style>\n\n\t\t<div class=\"tile-front tile-type-text ui default\">\n\t\t\t<div class=\"tile-inner\">\n\n\t\t\t\t\n\t\t\t\t\t\t\t\t\t\t<div class=\"tile-content\">\n\t\t\t\t\t\t\t\t\t\t\t<\/div><!-- .tile-content -->\n\n\t\t\t\t\n\t\t\t\t\n\t\t\t\t\n\t\t\t<\/div><!-- .tile-inner -->\n\n\t\t<\/div><!-- .tile-front -->\n\n\t\n\t\t\n\t\t<style>\n\t\t#tf-tile-2629-1 .tile-back {\n\t\t\t\t\t}\n\t\t#tf-tile-2629-1 .tile-back a {\n\t\t\t\t\t}\n\t\t<\/style>\n\n\t\t<div class=\"tile-back tile-type-text ui default\">\n\t\t\t<div class=\"tile-inner\">\n\n\t\t\t\t\n\t\t\t\t\t\t\t\t\t\t<div class=\"tile-content\">\n\t\t\t\t\t\t\t\t\t\t\t<\/div><!-- .tile-content -->\n\n\t\t\t\t\n\t\t\t\t\n\t\t\t\t\n\t\t\t<\/div><!-- .tile-inner -->\n\n\t\t<\/div><!-- .tile-back -->\n\n\t\n\t<\/div><!-- .tile-flip-box --><\/div><!-- .tile-flip-box-wrap -->\n\n\t<div class=\"tf-tile-data\">\n\t\t<script type=\"text\/json\">{\"size\":\"landscape\",\"type_front\":\"text\",\"color_front\":\"default\",\"button_link_params_front\":\"|\",\"icon_type_front\":\"icon\",\"gallery_autoplay_front\":\"off\",\"gallery_hide_timer_front\":\"no\",\"type_map_front\":\"ROADMAP\",\"zoom_map_front\":\"7\",\"scrollwheel_map_front\":\"enable\",\"draggable_map_front\":\"enable\",\"action_param_front\":\"|\",\"background_image_front\":\"https:\\\/\\\/www.mittendorfer.net\\\/destillerie\\\/wp-content\\\/uploads\\\/2015\\\/11\\\/IMG_1380BW-F.jpg\",\"type_back\":\"text\",\"color_back\":\"default\",\"button_link_params_back\":\"|\",\"icon_type_back\":\"icon\",\"gallery_autoplay_back\":\"off\",\"gallery_hide_timer_back\":\"no\",\"type_map_back\":\"ROADMAP\",\"zoom_map_back\":\"7\",\"scrollwheel_map_back\":\"enable\",\"draggable_map_back\":\"enable\",\"action_param_back\":\"|\",\"tile_autoflip\":\"0\",\"flip_effect\":\"flip-horizontal\"}<\/script>\n\t<\/div>\n\n<\/div><!-- .tf-tile -->\t\t\t\t\t<div id=\"tf-tile-2629-2\" class=\"tf-tile size-square-small flip-horizontal no-flip tile-type-front-text\" data-auto-flip=\"0\" data-in-effect=\"flip-horizontal\" data-out-effect=\"\">\n\n\t<div class=\"tile-flip-box-wrap\"><div class=\"tile-flip-box\">\n\n\t\n\t\t\n\t\t<style>\n\t\t#tf-tile-2629-2 .tile-front {\n\t\t\tbackground-image: url(\"https:\/\/www.mittendorfer.net\/destillerie\/wp-content\/uploads\/2015\/08\/mittendorfer_destillationsmuseum-240x240.jpg\"); \t\t}\n\t\t#tf-tile-2629-2 .tile-front a {\n\t\t\t\t\t}\n\t\t<\/style>\n\n\t\t<div class=\"tile-front tile-type-text ui default\">\n\t\t\t<div class=\"tile-inner\">\n\n\t\t\t\t\n\t\t\t\t\t\t\t\t\t\t<div class=\"tile-content\">\n\t\t\t\t\t\t\t\t\t\t\t<\/div><!-- .tile-content -->\n\n\t\t\t\t\n\t\t\t\t\n\t\t\t\t\n\t\t\t<\/div><!-- .tile-inner -->\n\n\t\t<\/div><!-- .tile-front -->\n\n\t\n\t\t\n\t\t<style>\n\t\t#tf-tile-2629-2 .tile-back {\n\t\t\t\t\t}\n\t\t#tf-tile-2629-2 .tile-back a {\n\t\t\t\t\t}\n\t\t<\/style>\n\n\t\t<div class=\"tile-back tile-type-text ui default\">\n\t\t\t<div class=\"tile-inner\">\n\n\t\t\t\t\n\t\t\t\t\t\t\t\t\t\t<div class=\"tile-content\">\n\t\t\t\t\t\t\t\t\t\t\t<\/div><!-- .tile-content -->\n\n\t\t\t\t\n\t\t\t\t\n\t\t\t\t\n\t\t\t<\/div><!-- .tile-inner -->\n\n\t\t<\/div><!-- .tile-back -->\n\n\t\n\t<\/div><!-- .tile-flip-box --><\/div><!-- .tile-flip-box-wrap -->\n\n\t<div class=\"tf-tile-data\">\n\t\t<script type=\"text\/json\">{\"size\":\"square-small\",\"type_front\":\"text\",\"color_front\":\"default\",\"button_link_params_front\":\"|\",\"icon_type_front\":\"icon\",\"gallery_autoplay_front\":\"off\",\"gallery_hide_timer_front\":\"no\",\"type_map_front\":\"ROADMAP\",\"zoom_map_front\":\"7\",\"scrollwheel_map_front\":\"enable\",\"draggable_map_front\":\"enable\",\"action_param_front\":\"|\",\"background_image_front\":\"https:\\\/\\\/www.mittendorfer.net\\\/destillerie\\\/wp-content\\\/uploads\\\/2015\\\/08\\\/mittendorfer_destillationsmuseum.jpg\",\"type_back\":\"text\",\"color_back\":\"default\",\"button_link_params_back\":\"|\",\"icon_type_back\":\"icon\",\"gallery_autoplay_back\":\"off\",\"gallery_hide_timer_back\":\"no\",\"type_map_back\":\"ROADMAP\",\"zoom_map_back\":\"7\",\"scrollwheel_map_back\":\"enable\",\"draggable_map_back\":\"enable\",\"action_param_back\":\"|\",\"tile_autoflip\":\"0\",\"flip_effect\":\"flip-horizontal\"}<\/script>\n\t<\/div>\n\n<\/div><!-- .tf-tile -->\t\t\t\t\t<div id=\"tf-tile-2629-3\" class=\"tf-tile size-square-small flip-horizontal no-flip tile-type-front-text\" data-auto-flip=\"0\" data-in-effect=\"flip-horizontal\" data-out-effect=\"\">\n\n\t<div class=\"tile-flip-box-wrap\"><div class=\"tile-flip-box\">\n\n\t\n\t\t\n\t\t<style>\n\t\t#tf-tile-2629-3 .tile-front {\n\t\t\tbackground-image: url(\"https:\/\/www.mittendorfer.net\/destillerie\/wp-content\/uploads\/2015\/11\/IMG_1350-BW-240x240.jpg\"); \t\t}\n\t\t#tf-tile-2629-3 .tile-front a {\n\t\t\t\t\t}\n\t\t<\/style>\n\n\t\t<div class=\"tile-front tile-type-text ui default\">\n\t\t\t<div class=\"tile-inner\">\n\n\t\t\t\t\n\t\t\t\t\t\t\t\t\t\t<div class=\"tile-content\">\n\t\t\t\t\t\t\t\t\t\t\t<\/div><!-- .tile-content -->\n\n\t\t\t\t\n\t\t\t\t\n\t\t\t\t\n\t\t\t<\/div><!-- .tile-inner -->\n\n\t\t<\/div><!-- .tile-front -->\n\n\t\n\t\t\n\t\t<style>\n\t\t#tf-tile-2629-3 .tile-back {\n\t\t\t\t\t}\n\t\t#tf-tile-2629-3 .tile-back a {\n\t\t\t\t\t}\n\t\t<\/style>\n\n\t\t<div class=\"tile-back tile-type-text ui default\">\n\t\t\t<div class=\"tile-inner\">\n\n\t\t\t\t\n\t\t\t\t\t\t\t\t\t\t<div class=\"tile-content\">\n\t\t\t\t\t\t\t\t\t\t\t<\/div><!-- .tile-content -->\n\n\t\t\t\t\n\t\t\t\t\n\t\t\t\t\n\t\t\t<\/div><!-- .tile-inner -->\n\n\t\t<\/div><!-- .tile-back -->\n\n\t\n\t<\/div><!-- .tile-flip-box --><\/div><!-- .tile-flip-box-wrap -->\n\n\t<div class=\"tf-tile-data\">\n\t\t<script type=\"text\/json\">{\"size\":\"square-small\",\"type_front\":\"text\",\"color_front\":\"default\",\"button_link_params_front\":\"|\",\"icon_type_front\":\"icon\",\"gallery_autoplay_front\":\"off\",\"gallery_hide_timer_front\":\"no\",\"type_map_front\":\"ROADMAP\",\"zoom_map_front\":\"7\",\"scrollwheel_map_front\":\"enable\",\"draggable_map_front\":\"enable\",\"action_param_front\":\"|\",\"background_image_front\":\"https:\\\/\\\/www.mittendorfer.net\\\/destillerie\\\/wp-content\\\/uploads\\\/2015\\\/11\\\/IMG_1350-BW.jpg\",\"type_back\":\"text\",\"color_back\":\"default\",\"button_link_params_back\":\"|\",\"icon_type_back\":\"icon\",\"gallery_autoplay_back\":\"off\",\"gallery_hide_timer_back\":\"no\",\"type_map_back\":\"ROADMAP\",\"zoom_map_back\":\"7\",\"scrollwheel_map_back\":\"enable\",\"draggable_map_back\":\"enable\",\"action_param_back\":\"|\",\"tile_autoflip\":\"0\",\"flip_effect\":\"flip-horizontal\"}<\/script>\n\t<\/div>\n\n<\/div><!-- .tf-tile -->\t\t\t<\/div>\n<\/div><\/span><\/p>\n<h2>\u00a0<\/h2>\n<h2>F\u00fchrungen von Montag bis Freitag (ausgenommen Feiertage)<\/h2>\n<p><span style=\"font-size: 18pt;\">In unserer Brennerei mit angeschlossenem und gem\u00fctlichem Schauraum bieten wir die M\u00f6glichkeit einer F\u00fchrung an:<\/span><\/p>\n<p><span style=\"font-size: 18pt;\">F\u00fchrung durch die Brennerei, Museum und anschliessender Verkostung von drei hauseigenen Produkten zum Preis von <strong>7,80 Euro<\/strong>.<\/span><\/p>\n<p><span style=\"font-size: 18pt;\">Nur f\u00fcr Gruppen <strong>ab 5 Personen<\/strong>.<\/span><\/p>\n<p><span style=\"font-size: 18pt;\"> Voranmeldung notwendig!<\/span><\/p>\n<p><span style=\"font-size: 18pt;\">Sollten Sie Interesse an einer F\u00fchrung haben, kontaktieren Sie uns bitte per Mail \u00fcber <a href=\"mailto:office@mittendorfer.net\">Office Mittendorfer<\/a> !<\/span><\/p>\n<\/div>\n\n","protected":false},"excerpt":{"rendered":"<p>\u00a0 \u00a0 1. O\u00d6 Schnapsmuseum Tradition seit Jahrhunderten Das 1. O\u00d6 Schnapsmuseum befindet sich in alten R\u00e4umen mit Tonnengew\u00f6lbe in einem Haus, das als Sensenhammerschmiede \u201eHitzlhammer\u201c 1635 erstmals urkundlich erw\u00e4hnt wurde. Dort gr\u00fcndete 1883 der Grossvater des heutigen Besitzers die Firma Mittendorfer. Aufgrund der langen Tradition und dem Vorhandensein verschiedener Destillierapparate gibt Ihnen das Museum [&hellip;]<\/p>\n","protected":false},"author":1,"featured_media":0,"parent":0,"menu_order":0,"comment_status":"closed","ping_status":"closed","template":"template-homepage.php","meta":{"footnotes":""},"class_list":["post-14","page","type-page","status-publish","hentry"],"_links":{"self":[{"href":"https:\/\/www.mittendorfer.net\/destillerie\/wp-json\/wp\/v2\/pages\/14","targetHints":{"allow":["GET"]}}],"collection":[{"href":"https:\/\/www.mittendorfer.net\/destillerie\/wp-json\/wp\/v2\/pages"}],"about":[{"href":"https:\/\/www.mittendorfer.net\/destillerie\/wp-json\/wp\/v2\/types\/page"}],"author":[{"embeddable":true,"href":"https:\/\/www.mittendorfer.net\/destillerie\/wp-json\/wp\/v2\/users\/1"}],"replies":[{"embeddable":true,"href":"https:\/\/www.mittendorfer.net\/destillerie\/wp-json\/wp\/v2\/comments?post=14"}],"version-history":[{"count":40,"href":"https:\/\/www.mittendorfer.net\/destillerie\/wp-json\/wp\/v2\/pages\/14\/revisions"}],"predecessor-version":[{"id":3198,"href":"https:\/\/www.mittendorfer.net\/destillerie\/wp-json\/wp\/v2\/pages\/14\/revisions\/3198"}],"wp:attachment":[{"href":"https:\/\/www.mittendorfer.net\/destillerie\/wp-json\/wp\/v2\/media?parent=14"}],"curies":[{"name":"wp","href":"https:\/\/api.w.org\/{rel}","templated":true}]}}